
Let w(f) = -9*f**3 + f**2 + 2*f + 1. Let n be w(-1). Suppose -3*p + 16 = 5*o, p + o - n + 3 = 0. What is the units digit of p?
7
Let f = -16 + 44. What is the tens digit of f?
2
Let m(v) = 2*v**2 - v - 1. Let d = -5 - -7. What is the units digit of m(d)?
5
Suppose 0 = -3*x - 4*m + 12, 0 = 4*m - m. Suppose x*l = l. Suppose 0 = 3*f - l*f - 15. What is the units digit of f?
5
Suppose 184 = s + 3*s. Let y be 1/(s/(-22) - -2). Let r = -2 - y. What is the units digit of r?
9
Let n be 12/(-8)*(1 + -3). Suppose -2*l - 10 = -0*l, -l = -n*i + 5. Suppose i = 4*s - 0 - 20. What is the units digit of s?
5
Let i(p) = -9*p + 2. What is the tens digit of i(-4)?
3
Let t(h) = h**2 + 5*h + 20. What is the tens digit of t(-10)?
7
Suppose -3*b + 279 = 3*o, 5*b = -o + 110 - 29. What is the tens digit of o?
9
Let l(b) = b**2 - 4*b - 5. Let u(a) = -3*a - 3. Let o be u(-7). Let j be 1/((-15)/o + 1). What is the units digit of l(j)?
7
Suppose -4*r + 2*r = -150. Suppose -4*g = -g - r. What is the tens digit of g?
2
Let a(n) be the third derivative of n**5/60 + n**4/8 - 2*n**3/3 + n**2. What is the units digit of a(-5)?
6
Let f = 5 - 5. Suppose p - 92 = -2*h - p, -3*p + 9 = f. What is the tens digit of h?
4
Let r be 0*((-6)/4 + 2). Suppose 3*p - 8 = -p. Suppose -t + p = -r*t. What is the units digit of t?
2
Let o(y) = -y**2 + 31*y - 56. What is the units digit of o(18)?
8
Suppose 5*m - l = 2*l + 19, 0 = 5*m - l - 23. Let a = -3 - -2. Let p = a + m. What is the units digit of p?
4
Let b = -6 + 9. Let u(r) = r**3 - 3*r**2 + 2*r + 3. What is the units digit of u(b)?
9
Let i = -8 - -15. Let x(r) = -r**3 + 5*r**2 + 5. Let h be x(5). Let g = i - h. What is the units digit of g?
2
Suppose 2*p = -3*z + 5*z + 36, -5*p = 2*z + 1. Let f = z - -28. What is the tens digit of f?
1
Let y be 0/1 - (8 + -4). Let j = 1 - y. What is the units digit of j?
5
Suppose 0*a - 5*w + 25 = 5*a, 0 = 5*a - 5*w - 25. Suppose -i + 2 = a*s - 0*s, 0 = i + 2*s + 1. Let d = i + 6. What is the units digit of d?
3
Let o(r) = -8*r - 6. What is the units digit of o(-5)?
4
Let f = 132 - -4. What is the tens digit of f?
3
Let n = -6 - -10. Suppose n*z - 2 = 5*a, -2*z + 5 - 1 = -4*a. What is the tens digit of (-20)/((-1)/(a + 3))?
2
Suppose 4*x + 2*s - 255 = 47, 2*x + 2*s - 152 = 0. What is the units digit of x?
5
Suppose 3*q + 6 + 0 = 0. Let s be ((-1)/q)/(2/48). Let a = s - 6. What is the units digit of a?
6
Suppose q + 51 = -0*q + 2*h, 0 = 5*q - h + 255. Let b be (-2)/(-5) + q/15. What is the units digit of (-3)/(2*b/6)?
3
Let u = 9 - 6. Suppose 0 = -4*v - 0*i + 3*i + 145, 188 = 5*v + u*i. What is the units digit of v?
7
Suppose -2*w + 116 = 2*w. Let z = w - 20. Let s = z - 6. What is the units digit of s?
3
Let p(a) = -5*a**3 + 2*a**2 + a - 5. Let m(s) = s**3 + s + 1. Let d(t) = -4*m(t) - p(t). What is the tens digit of d(4)?
1
Let j(t) = -7*t - 1. Let q be j(1). Let l be -9*1*q/12. What is the units digit of (-2)/l + 39/9?
4
Let j be (-1 - -2)*2 - 2. Suppose j = -4*h + 30 + 14. What is the tens digit of h?
1
Let w = -12 - -5. Suppose -3*o + 7 = -2*h - 39, -5*o + 82 = 2*h. Let x = w + o. What is the units digit of x?
9
Let q(u) = 3*u - 2. Let p(x) be the second derivative of x**4/12 + x**3/6 - x. Let d be p(2). What is the units digit of q(d)?
6
Let d be 4/(8/6) + 67. Suppose -3*f + 5*f = d. What is the tens digit of f?
3
Suppose -3*f - 4 = 2*w, 0*f - 4*f = -2*w - 18. What is the tens digit of 40/f + (-7)/(-7)?
2
Suppose -85 = 5*i - 265. What is the tens digit of i?
3
Let u be (0/1)/(7 - 5). Suppose u*i - i + 21 = 0. Suppose -4*r + i = -31. What is the tens digit of r?
1
Suppose 0*o + o - 4 = 0. Let g = o - -1. Suppose -3*p = -g*p + 10. What is the units digit of p?
5
Suppose 266 + 292 = 5*t + 4*k, 0 = 5*t + 5*k - 560. What is the units digit of t?
0
Let p be ((-4)/(-5))/(1/5). Suppose -4*w + 164 = -p*g, 5*w - 189 = -5*g + 2*g. What is the units digit of w?
9
Let y(v) = -29*v - 31. What is the units digit of y(-2)?
7
Let v(y) = -y**3 + 8*y**2 + 27*y - 11. What is the hundreds digit of v(8)?
2
Let g(l) = 84*l + 16. What is the hundreds digit of g(3)?
2
Let h be 6/2 + 0 + 0. Suppose h*d - 80 = -2*d. Suppose -2*y + 3 = -b - 1, 4*b = d. What is the units digit of y?
4
Let c be 2 - 0/(-2 - 1). Suppose 0 = -2*z - c*z + 5*j + 7, -3*j + 3 = 0. What is the units digit of z?
3
Suppose 40 = 6*b - 2*b. Suppose k + 4*k = -b, q = 3*k + 15. What is the units digit of q?
9
What is the tens digit of (-2 + 5)*(-2292)/(-36)?
9
Let j be 1/(-3) + (-2063)/3. What is the units digit of (1/(-4))/(4/j)?
3
Let b = 0 + 8. What is the units digit of b?
8
Let q be (-8)/12*306/(-4). Suppose 3*s - q = 2*i + 2*i, -41 = 4*i - s. What is the tens digit of i/15 - 186/(-10)?
1
Suppose -3*g + 151 + 89 = 0. What is the tens digit of g?
8
Suppose 0 = -b - 3*b + 20. Suppose 0 = -q + b*k + 31, 0*k + 59 = 5*q - k. What is the units digit of q?
1
Let b be -1*(0 - -1)*2. Let w be 3/(b/8*-6). Suppose 3*v = w*h + 16, -2*v + 5*h + 8 = h. What is the units digit of v?
6
Let u(f) = f**2 - 8*f + 17. What is the tens digit of u(10)?
3
Let j(a) = 2*a**2 + 2*a + 5. What is the tens digit of j(-6)?
6
Suppose 39 = k - 2*q, 0 = -0*k - 2*k - 5*q + 114. What is the units digit of k?
7
Let j be 0/(4 + (0 - 2)). Suppose j - 11 = -p. What is the units digit of p?
1
Let j be (2 - 15)*(-6)/(-2). Let r = 65 + j. What is the units digit of r?
6
Let b = 308 + -177. Let c = b - 89. What is the tens digit of c?
4
Let f(k) be the second derivative of -k**4/12 - 2*k**3/3 - k**2 - k. Let u = 12 + -15. What is the units digit of f(u)?
1
Let q = 635 + -326. What is the hundreds digit of q?
3
Let t(u) = -u**3 - 10*u**2 - 10*u - 13. Let y be t(-9). Let q be y/10 - 188/5. What is the tens digit of 6/(-9) - q/3?
1
Let i(j) = j**3 + j**2 - j. Let m be i(1). Suppose 4*f - m = z + 2, -2*f = z - 15. What is the units digit of z?
9
What is the hundreds digit of 141 + (-1 - ((-3 - -4) + 2))?
1
Suppose -5*h + 72 = 4*p, 35 = -4*p + 5*p - 3*h. What is the tens digit of p?
2
Let g(y) = -y**2 - 8*y + 2. Let l be g(-8). Suppose -24 = -5*k + 3*a, l*k - 4*a - 15 = -a. What is the units digit of k?
3
Suppose 1 = 2*h + 3*l, l = -5*h - 6 + 28. Suppose -v - 2*v - 4 = h*x, -5*x + 3 = 4*v. What is the units digit of v?
7
Suppose -4*w + 52 = -28. What is the tens digit of w?
2
Let v(h) = -h**3 - 6*h**2 - 6*h. Let g = -2 - -9. Let y = 2 - g. What is the units digit of v(y)?
5
Let w = -1 - -5. Suppose -w*z = -z. What is the units digit of z/(-1 + 2) - -12?
2
Let y be (-2 - 6)/(-1)*161/28. Suppose l = -k + 32, -2 = -l - 0. Let c = y - k. What is the tens digit of c?
1
Let o(a) = -2*a - 5. Let p(m) = 3*m + 8. Let l = -3 + -4. Let t(y) = l*o(y) - 5*p(y). What is the units digit of t(-10)?
5
Suppose 0 = 2*h + 5 + 1. Let q be (4 + -1)*(-4)/h. What is the units digit of (-1 - -5)*6/q?
6
Let s(o) = 10*o - 23. What is the tens digit of s(11)?
8
Let s(f) = -4*f - 9. What is the tens digit of s(-10)?
3
Suppose 52 = -5*l - 243. Let c = l - -103. What is the units digit of c?
4
Let j = -3 - 0. Let i be ((-9)/12)/(j/12). Suppose -35 = -2*t - 3*r + 13, -3*r = i*t - 69. What is the tens digit of t?
2
Let c(t) = t - 4. Let d be c(6). What is the units digit of (-37*d)/(1 - 3)?
7
Let i = 1 - 3. Let d = 6 + i. What is the units digit of d?
4
Let w be ((-12)/(-8))/((-6)/280). Let g = -45 - w. Suppose -2*q = t - 15, 0*t = -4*q - 3*t + g. What is the units digit of q?
0
What is the hundreds digit of 4/(-10) - 4392/(-30)?
1
What is the tens digit of (62/4)/((-9)/(-18))?
3
Let s(k) be the third derivative of k**6/240 - k**5/60 - k**4/24 - 3*k**2. Let d(v) be the second derivative of s(v). What is the units digit of d(2)?
4
Suppose 0 = -2*y + b + 1, 0 = -3*y - 0*y - 5*b + 21. What is the units digit of y?
2
Let k(t) = t + 9. Let y be k(-9). Suppose -o - 2*o + 21 = y. What is the units digit of o?
7
Suppose -3*w + 18 = -3*v, -3*w + 12 = -0*v - v. Let u = 0 + -2. Let a = u - v. What is the units digit of a?
1
Let d be 1*(0 + (0 - 0)). Suppose -4*t + 0 - 4 = d, t - 19 = -4*h. What is the units digit of h?
5
Let v be (-6 - -1)*(-8)/20. Let h(z) = z**3 - z. Let j be h(0). Let t = v - j. What is the units digit of t?
2
Let z(w) = -53 + 50 - 5*w + 0*w. What is the tens digit of z(-3)?
1
Suppose -11 = -3*k + 7. What is the units dig